= -3 + 12 - 10 - r. Let s(d) = d + 10. Let f(p) = 2*k(p) + s(p). Determine f(7).
1
Let y(q) be the second derivative of -q**4/6 - 2*q**3/3 - 2*q**2 - 6*q. What is y(-3)?
-10
Let y(n) = 11*n. Let d(k) be the second derivative of -k**3/6 - 3*k**2 - 4*k. Let w be d(-5). Calculate y(w).
-11
Let p(o) = o**3 - 9*o**2 - 10*o + 8. Let n be p(10). Suppose -4*r - n = -0. Let x(a) = -a**2 - 2*a - 3. Give x(r).
-3
Let p be -2*3/6*9. Let d(i) = -2*i - 12. Calculate d(p).
6
Let x(n) = -2 - 2*n**2 + n**3 - 1 + n - 4*n. Suppose -5*j = 5*y - 30, -2*y + 9 = y. Determine x(j).
-3
Suppose 4*q = 3*q + 12. Let r be (-76)/q - 2/3. Let m(o) = o**2 + 6*o - 6. Calculate m(r).
1
Let a(q) = q**3 - q**2 + q - 1. Let o(f) = 3*f**3 - 2*f**2 + 2*f - 3. Let n = -8 + 10. Let z(i) = n*o(i) - 7*a(i). Determine z(2).
-1
Let u(k) = k**2 - 5*k + 0*k**2 + 6*k - 4 + 0. Calculate u(-3).
2
Let j(g) be the first derivative of -3*g**2/2 + g - 25. Let i(h) = h**3 - h**2 + 3. Let d be i(0). What is j(d)?
-8
Suppose 0*h = 4*h + 16. Let t = -6 - 0. Let c(l) = -13*l**2 - 21*l + 6. Let r(q) = 7*q**2 + 11*q - 3. Let j(n) = t*c(n) - 11*r(n). Give j(h).
-7
Let y(h) = -h**2 - 8*h - 9. Let d be y(-5). Let q(p) = -p**2 + 7*p - 8. Calculate q(d).
-2
Let b = 8 - 6. Let i(o) = 1 - o**2 - 3*o**2 - 2*o + 3*o**b. Let f be (-15)/6 + 10/20. Give i(f).
1
Let d(s) = -4*s. Suppose y = -3*g - 4, -7*g + 3*g = 4*y - 8. Suppose -3*p + y*f = 21, 0*f + 3*f - 5 = -2*p. Give d(p).
8
Let k = 9 - 6. Let l(w) = 3 + k*w**2 - 4*w**2 + 0*w - w. Suppose 9 = 2*n + n. Give l(n).
-9
Suppose -5*b + 4*t = -36, -4*b + 10 = -2*t - 14. Let p(a) = a**3 - 6*a**2 + 4*a - 2. Give p(b).
-18
Let o be (-1)/3 + (-98)/(-6). Suppose 3*d = 3*m + 93, 0 = -3*d - m - 0 + 105. Let l be o/72 - d/(-9). Let a(w) = w**3 - 3*w**2 - 4*w + 2. Calculate a(l).
2
Let u(k) be the second derivative of -2*k**2 + 2*k + 0 + 1/6*k**4 - 1/3*k**3. Give u(3).
8
Let d(r) be the third derivative of r**4/12 - 9*r**2. Give d(-2).
-4
Suppose -5*t = -3*l + 15, t = l - 6*l + 25. Let p = -1 + t. Let n be -8*1*p/2. Let q(s) = -s**3 + 4*s**2 + 2*s - 1. Calculate q(n).
7
Let r(v) = -v + 5. Let c(y) = -2 + y - 2 + 4. Let a be c(4). Determine r(a).
1
Let m(q) be the second derivative of -q**4/12 - q**3 - 3*q**2/2 + 4*q. Calculate m(-5).
2
Let v(y) be the third derivative of y**6/120 + 7*y**5/60 - y**3 + 36*y**2. Suppose -13 = 3*b + 8. What is v(b)?
-6
Let p(q) = 1 + 25 - 17*q + 1. Let s(n) = -6*n + 9. Let b(j) = -4*p(j) + 11*s(j). Give b(6).
3
Let m(g) be the first derivative of -g**2/2 - g + 7. Let u be m(-5). Let z(x) = -3*x + 1. What is z(u)?
-11
Let k = 0 - 1. Let v be -6 + 4 + 2*2. Let c(d) = 0 + v*d**2 + 10*d**3 - 5 + d + 5. Determine c(k).
-9
Let w(r) = -2*r**2 - r. Let g(c) = -7*c**2 - 5*c. Let a(y) = -2*g(y) + 9*w(y). What is a(1)?
-3
Let g(h) = -7*h**2 - 2 + h**2 - 4*h + 5*h**2. What is g(-2)?
2
Suppose 5*o = c + 13, -2*c - 5 - 9 = -4*o. Let y be (1/2)/(o/(-24)). Let k(l) be the third derivative of -l**5/60 - l**4/4 - l**3/3 + 61*l**2. Determine k(y).
-2
Let y = -15 + 11. Let i = -2 - y. Let g(d) = i*d**3 - 2*d - 4 + 3 - 3*d**3 - d**2. Calculate g(-1).
1
Let j(h) be the third derivative of -1/8*h**4 - 1/30*h**5 + 0 + 1/120*h**6 + 1/2*h**3 + 0*h - 3*h**2. Give j(2).
-3
Let w(q) = 2*q + 9. Let n be w(-4). Let t(k) = 5*k**3 - k**2 + k - 1. Determine t(n).
4
Let l(n) = n**3 - 6*n**2 + 5*n + 1. Suppose -3*v + 57 + 6 = 0. Suppose -4*j = -v + 1. Determine l(j).
1
Let f(y) = y - 5. Let i be f(0). Suppose 15 = 2*b - 3*t, -5*b - t = -1 - 45. Let d(q) = 7 - b*q - 2*q - q**2 + 3*q + 4*q. Determine d(i).
2
Let h(t) = -10 + 0 + 0 + 13*t - 14*t. Let g(p) be the second derivative of p**4/12 - 2*p**3/3 - 5*p**2/2 - p. Let j be g(5). Give h(j).
-10
Let r(v) = v**3 + v. Suppose -u = 5*i - 9, 0 = -4*i + 11 + 1. Let q(a) = -a**2 - 6*a + 2. Let l be q(u). Let b be l/2*(-4)/4. Determine r(b).
-2
Suppose z - 4 = -0. Let d(h) = 3*h + 5 - 5 - 4. Give d(z).
8
Let m(f) = f**2 + 3*f - 2. Let u = 6 + -2. Suppose -5*w - 5*h - 15 = -0*w, 0 = w - u*h + 3. Calculate m(w).
-2
Suppose 9*g - 17*g = 40. Let h(z) = z**2 + 6*z + 5. Give h(g).
0
Let x(r) = 3*r**3 - 6*r**2 + r + 5. Let i(u) = 2*u - u - 8*u**2 + 9 + 7*u**3 + 7*u**2 - 11*u**2. Let g(a) = 2*i(a) - 5*x(a). Give g(5).
3
Let b(s) = s**3 - 8*s**2 - 10*s + 10. Let u be b(9). Let w(n) = -u + 2*n**2 + 0*n + 2*n**2 + 0*n. Give w(-1).
3
Let w(k) = -k + 17. Suppose -5*p + 4*r + 47 = 0, 54 = 4*p + 5*r - 0*r. Let s be w(p). Let m(u) = -s + 3 + u**2 + 2 + 4*u. Calculate m(-6).
11
Let j = 9 + -5. Let k(a) = -3 - 2*a + 4 - 2*a**3 + j*a**2 - 1. Determine k(2).
-4
Let i = -42 - -47. Let x(r) be the third derivative of 0 - 1/6*r**4 + 0*r**3 - 1/60*r**i - 3*r**2 + 0*r. Give x(-5).
-5
Let o be ((4/6)/(-2))/(5/15). Let m(h) = -4*h**2 - h. Determine m(o).
-3
Let w(c) = c**2 + 3*c + 2. Suppose -8*q + 10 = -3*q, 4*q = 2*s + 18. Let b be (s/10)/(1/8). Determine w(b).
6
Let h(v) = -v**3 + 6*v**2 - 5*v - 3. Suppose 4*u = -5*q + 30, 28 = -3*u + 7*u + 4*q. Determine h(u).
-3
Let u(f) = f - 1. Let l(r) = r**2 - 6*r - 1. Let c(y) = -l(y) + 2*u(y). Determine c(7).
6
Suppose 0 = 3*s - 12, 0 = -5*m + 3*s + 1 - 3. Suppose -5*y + 0*y = m*q + 21, 3*y = -q - 13. Let z(n) = -q*n + n - n - 1 + n. Calculate z(-5).
4
Let w(y) be the second derivative of -y**5/20 + y**4/2 - y**3 + 2*y**2 + 5*y. Let z(o) = 2*o - 19. Let h be z(12). Calculate w(h).
-1
Let k(m) be the first derivative of m**4/4 - 4*m**3/3 + m**2/2 - 3*m - 7. Give k(4).
1
Let p be (-2)/(-3)*147/14. Suppose 5*r - p - 3 = 0. Let i(v) = v**3 - 2*v**2 - v - 1. What is i(r)?
-3
Let t(w) = -7*w - 3. Let z(c) = 4*c + 1. Let i(y) = 3*t(y) + 5*z(y). Let n be i(-4). Let j(r) be the second derivative of r**3/6 - r**2/2 + 2*r. What is j(n)?
-1
Let s(r) = -1 - 5 - 8*r - r - r**2 + 2*r. Determine s(-7).
-6
Suppose 0 = -0*x - 4*x + 20. Let l(j) = j - 11. Determine l(x).
-6
Suppose -4*n + 4*w = 12, 3 + 2 = w. Suppose 2*b + 16 = -n*b. Let g(c) = c**3 + 4*c**2 + 5. Calculate g(b).
5
Suppose 0*m = 3*m - 3*f - 3, -2*f - 14 = -5*m. Let j(t) be the third derivative of t**4/24 + t**3/2 - 18*t**2. What is j(m)?
7
Let m(w) = 3 - 4 - 2 + 0 - w. Let h be -1 + -5 + (-7)/(-7). Give m(h).
2
Let w(z) = z**3 + 2*z**2 - 3*z + 4. Let j = 80 - 130. Let h be j/18 - (-6)/(-27). Give w(h).
4
Let l(r) = 5*r**3 - r. Suppose 0*m = 6*m - 6. What is l(m)?
4
Let m(y) = 3*y**2 + y. Let p be m(1). Let i(k) be the third derivative of 1/30*k**6 + 1/6*k**3 + 0*k - 2*k**2 + 0*k**5 + 0 + 0*k**p. Determine i(1).
5
Let f(k) = -k + 9. Let g be f(5). Suppose -b = g - 0. Let p(q) be the first derivative of -q**3/3 - q**2 + 4*q + 1. What is p(b)?
-4
Let f(d) = 2*d**3. Let a be f(1). Suppose -m = g + a, -2*g - 13 = m + 4*m. Let t(h) = -4*h - 3. Give t(m).
9
Let p be 2*(1 + 3/(-2)). Let v(n) = -9*n**2 - n + 1. Let x be (-1 + -1)/(-1 - 0). Let y(m) = -10*m**2 - 2*m + 1. Let u(t) = x*y(t) - 3*v(t). What is u(p)?
7
Let r(o) = 4*o - 2*o**2 - o**2 - 3*o**2 + 7*o**2 - 8. What is r(-6)?
4
Let s(o) = 0*o + 1 - 3*o - o**2 - 2. Let d(c) = c**3 - 3*c**2 - 4*c - 4. Suppose 0 = -u + 3*u - 8. Let v be d(u). What is s(v)?
-5
Let w(v) be the second derivative of v**4/12 - 5*v**3/6 + 2*v**2 - 4*v. Give w(3).
-2
Let w(u) = u**3 - 3*u**2 - 3*u - 2. Let l be w(4). Suppose -8 - l = -2*m. Let h(x) = x**2 - 4*x - 4. Give h(m).
1
Let r(b) = -3*b**2 - 17*b + 15. Let s(q) = -q**2 - 8*q + 7. Let v(i) = 3*r(i) - 7*s(i). Let t(f) = f**2 + 3*f + 5. Let o be t(-2). Calculate v(o).
-7
Let g(s) = -80 + 2*s**3 + 81 - 5*s**2 - 2*s + 3*s**2 + 3*s**2. Let x(v) = v**3 - v**2 - v - 2. Let f be x(0). What is g(f)?
-7
Let y(z) = -z**3 + 4*z**2 + 7*z - 5. Let j be y(5). Let o(v) = -5*v - 3. Let c(r) = -9*r - 7. Let a(f) = -6*c(f) + 11*o(f). Calculate a(j).
4
Let y(b) = 0*b**3 - 2 + 4*b**2 + 6*b - 1 - b**3. Suppose 5*z - 7 = 8. Suppose -4*o = z*j - 3*o - 16, -25 = -4*j - 5*o. Calculate y(j).
2
Let z(n) = n**2 + n - 1. Let t(a) = -3*a**2 - 3*a + 1. Let p(c) = t(c) + 4*z(c). Give p(-3).
3
Suppose -p = -4 + 2. Let r(q) = -q - p*q + 5*q + 9 - 3. Determine r(-5).
-4
Let w(o) = 6*o**2 + 10*o + 12. Let u(k) = k**2 + 1. Let y(g) = -5*u(g) + w(g). Let h(v) = 2*v**2 + 21*v + 14. Let b(c) = -2*h(c) + 5*y(c). Determine b(-5).
-8
Let s(g) be the third derivative of -g**5/30 + 5*g**4/24 - g**3/2 + 8*g**2. Give s(3).
-6
Let x(s) = -s**